[INFO] cloning repository https://github.com/beatgammit/netlion
[INFO] running `Command { std: "git" "-c" "credential.helper=" "-c" "credential.helper=/workspace/cargo-home/bin/git-credential-null" "clone" "--bare" "https://github.com/beatgammit/netlion" "/workspace/cache/git-repos/https%3A%2F%2Fgithub.com%2Fbeatgammit%2Fnetlion", kill_on_drop: false }`
[INFO] [stderr] Cloning into bare repository '/workspace/cache/git-repos/https%3A%2F%2Fgithub.com%2Fbeatgammit%2Fnetlion'...
[INFO] running `Command { std: "git" "rev-parse" "HEAD", kill_on_drop: false }`
[INFO] [stdout] c344074e73e4d6575d01a4190287a0ef9c1bd243
[INFO] building beatgammit/netlion against master#881c1ac408d93bb7adaa3a51dabab9266e82eee8 for issue-85264
[INFO] running `Command { std: "git" "clone" "/workspace/cache/git-repos/https%3A%2F%2Fgithub.com%2Fbeatgammit%2Fnetlion" "/workspace/builds/worker-14/source", kill_on_drop: false }`
[INFO] [stderr] Cloning into '/workspace/builds/worker-14/source'...
[INFO] [stderr] done.
[INFO] validating manifest of git repo https://github.com/beatgammit/netlion on toolchain 881c1ac408d93bb7adaa3a51dabab9266e82eee8
[INFO] running `Command { std: "/workspace/cargo-home/bin/cargo" "+881c1ac408d93bb7adaa3a51dabab9266e82eee8" "metadata" "--manifest-path" "Cargo.toml" "--no-deps", kill_on_drop: false }`
[INFO] started tweaking git repo https://github.com/beatgammit/netlion
[INFO] finished tweaking git repo https://github.com/beatgammit/netlion
[INFO] tweaked toml for git repo https://github.com/beatgammit/netlion written to /workspace/builds/worker-14/source/Cargo.toml
[INFO] crate git repo https://github.com/beatgammit/netlion already has a lockfile, it will not be regenerated
[INFO] running `Command { std: "/workspace/cargo-home/bin/cargo" "+881c1ac408d93bb7adaa3a51dabab9266e82eee8" "fetch" "--manifest-path" "Cargo.toml", kill_on_drop: false }`
[INFO] [stderr]  Downloading crates ...
[INFO] [stderr]   Downloaded petgraph v0.2.9
[INFO] [stderr]   Downloaded num_cpus v1.1.0
[INFO] [stderr]   Downloaded wayland-sys v0.5.11
[INFO] [stderr]   Downloaded phf v0.7.17
[INFO] [stderr]   Downloaded phf_generator v0.7.17
[INFO] [stderr]   Downloaded phf_shared v0.7.17
[INFO] [stderr]   Downloaded image v0.10.3
[INFO] [stderr]   Downloaded rayon v0.4.3
[INFO] [stderr]   Downloaded piston-gfx_texture v0.17.0
[INFO] [stderr]   Downloaded gfx v0.12.1
[INFO] [stderr]   Downloaded pistoncore-event_loop v0.25.1
[INFO] [stderr]   Downloaded num-complex v0.1.35
[INFO] [stderr]   Downloaded gleam v0.2.22
[INFO] [stderr]   Downloaded wayland-kbd v0.3.6
[INFO] [stderr]   Downloaded crossbeam v0.2.10
[INFO] [stderr]   Downloaded xml-rs v0.3.4
[INFO] [stderr]   Downloaded fixedbitset v0.1.5
[INFO] [stderr]   Downloaded piston v0.25.1
[INFO] [stderr]   Downloaded piston2d-graphics v0.17.3
[INFO] [stderr]   Downloaded piston2d-gfx_graphics v0.31.2
[INFO] [stderr]   Downloaded piston_window v0.52.0
[INFO] [stderr]   Downloaded gcc v0.3.38
[INFO] [stderr]   Downloaded wayland-scanner v0.5.11
[INFO] [stderr]   Downloaded pistoncore-input v0.14.0
[INFO] [stderr]   Downloaded serde v0.8.16
[INFO] [stderr]   Downloaded phf_codegen v0.7.17
[INFO] [stderr]   Downloaded pistoncore-window v0.22.1
[INFO] [stderr]   Downloaded jpeg-decoder v0.1.7
[INFO] [stderr]   Downloaded glutin v0.6.2
[INFO] [stderr]   Downloaded wayland-client v0.5.12
[INFO] [stderr]   Downloaded odds v0.2.23
[INFO] [stderr]   Downloaded pistoncore-glutin_window v0.29.0
[INFO] [stderr]   Downloaded conrod v0.44.1
[INFO] running `Command { std: "docker" "create" "-v" "/var/lib/crater-agent-workspace/builds/worker-14/target:/opt/rustwide/target:rw,Z" "-v" "/var/lib/crater-agent-workspace/builds/worker-14/source:/opt/rustwide/workdir:ro,Z" "-v" "/var/lib/crater-agent-workspace/cargo-home:/opt/rustwide/cargo-home:ro,Z" "-v" "/var/lib/crater-agent-workspace/rustup-home:/opt/rustwide/rustup-home:ro,Z" "-e" "SOURCE_DIR=/opt/rustwide/workdir" "-e" "CARGO_TARGET_DIR=/opt/rustwide/target" "-e" "CARGO_HOME=/opt/rustwide/cargo-home" "-e" "RUSTUP_HOME=/opt/rustwide/rustup-home" "-w" "/opt/rustwide/workdir" "-m" "1610612736" "--user" "0:0" "--network" "none" "ghcr.io/rust-lang/crates-build-env/linux@sha256:20528e8c29e4536546f0102ce88568b16ea7538393a33fcca951030f7af10457" "/opt/rustwide/cargo-home/bin/cargo" "+881c1ac408d93bb7adaa3a51dabab9266e82eee8" "metadata" "--no-deps" "--format-version=1", kill_on_drop: false }`
[INFO] [stdout] 04da01815541d8ac806271955f4cf632e083a1951c2650a80864bb245c3b11e1
[INFO] [stderr] WARNING: Your kernel does not support swap limit capabilities or the cgroup is not mounted. Memory limited without swap.
[INFO] running `Command { std: "docker" "start" "-a" "04da01815541d8ac806271955f4cf632e083a1951c2650a80864bb245c3b11e1", kill_on_drop: false }`
[INFO] running `Command { std: "docker" "inspect" "04da01815541d8ac806271955f4cf632e083a1951c2650a80864bb245c3b11e1", kill_on_drop: false }`
[INFO] running `Command { std: "docker" "rm" "-f" "04da01815541d8ac806271955f4cf632e083a1951c2650a80864bb245c3b11e1", kill_on_drop: false }`
[INFO] [stdout] 04da01815541d8ac806271955f4cf632e083a1951c2650a80864bb245c3b11e1
[INFO] running `Command { std: "docker" "create" "-v" "/var/lib/crater-agent-workspace/builds/worker-14/target:/opt/rustwide/target:rw,Z" "-v" "/var/lib/crater-agent-workspace/builds/worker-14/source:/opt/rustwide/workdir:ro,Z" "-v" "/var/lib/crater-agent-workspace/cargo-home:/opt/rustwide/cargo-home:ro,Z" "-v" "/var/lib/crater-agent-workspace/rustup-home:/opt/rustwide/rustup-home:ro,Z" "-e" "SOURCE_DIR=/opt/rustwide/workdir" "-e" "CARGO_TARGET_DIR=/opt/rustwide/target" "-e" "CARGO_INCREMENTAL=0" "-e" "RUST_BACKTRACE=full" "-e" "RUSTFLAGS=--cap-lints=forbid" "-e" "CARGO_HOME=/opt/rustwide/cargo-home" "-e" "RUSTUP_HOME=/opt/rustwide/rustup-home" "-w" "/opt/rustwide/workdir" "-m" "1610612736" "--user" "0:0" "--network" "none" "ghcr.io/rust-lang/crates-build-env/linux@sha256:20528e8c29e4536546f0102ce88568b16ea7538393a33fcca951030f7af10457" "/opt/rustwide/cargo-home/bin/cargo" "+881c1ac408d93bb7adaa3a51dabab9266e82eee8" "build" "--frozen" "--message-format=json", kill_on_drop: false }`
[INFO] [stdout] f41513437543fc9eb5d1160af9c5471bf0084ee1fa75695aa92dc060d46d49ed
[INFO] [stderr] WARNING: Your kernel does not support swap limit capabilities or the cgroup is not mounted. Memory limited without swap.
[INFO] running `Command { std: "docker" "start" "-a" "f41513437543fc9eb5d1160af9c5471bf0084ee1fa75695aa92dc060d46d49ed", kill_on_drop: false }`
[INFO] [stderr]    Compiling bitflags v0.7.0
[INFO] [stderr]    Compiling num-traits v0.1.36
[INFO] [stderr]    Compiling phf_shared v0.7.17
[INFO] [stderr]    Compiling log v0.3.6
[INFO] [stderr]    Compiling winapi-build v0.1.1
[INFO] [stderr]    Compiling rustc-serialize v0.3.19
[INFO] [stderr]    Compiling serde v0.8.16
[INFO] [stderr]    Compiling khronos_api v1.0.0
[INFO] [stderr]    Compiling lazy_static v0.2.1
[INFO] [stderr]    Compiling piston-float v0.2.0
[INFO] [stderr]    Compiling gcc v0.3.38
[INFO] [stderr]    Compiling lazy_static v0.1.16
[INFO] [stderr]    Compiling pkg-config v0.3.8
[INFO] [stderr]    Compiling shader_version v0.2.1
[INFO] [stderr]    Compiling crossbeam v0.2.10
[INFO] [stderr]    Compiling odds v0.2.23
[INFO] [stderr]    Compiling piston-texture v0.5.0
[INFO] [stderr]    Compiling linked-hash-map v0.0.10
[INFO] [stderr]    Compiling fixedbitset v0.1.5
[INFO] [stderr]    Compiling piston-shaders_graphics2d v0.2.1
[INFO] [stdout] error[E0642]: patterns aren't allowed in functions without bodies
[INFO] [stdout]    --> /opt/rustwide/cargo-home/registry/src/github.com-1ecc6299db9ec823/rustc-serialize-0.3.19/src/serialize.rs:147:45
[INFO] [stdout]     |
[INFO] [stdout] 147 | ...                   &f_name: &str,
[INFO] [stdout]     |                       ^^^^^^^ pattern not allowed in function without body
[INFO] [stdout] 
[INFO] [stdout] 
[INFO] [stderr]    Compiling num_cpus v1.1.0
[INFO] [stderr]    Compiling rustc_version v0.1.7
[INFO] [stderr]    Compiling draw_state v0.6.0
[INFO] [stderr]    Compiling gif v0.9.0
[INFO] [stderr]    Compiling xml-rs v0.3.4
[INFO] [stderr]    Compiling piston-viewport v0.2.0
[INFO] [stderr]    Compiling vecmath v0.2.0
[INFO] [stderr]    Compiling shared_library v0.1.5
[INFO] [stderr]    Compiling stb_truetype v0.2.0
[INFO] [stderr]    Compiling phf v0.7.17
[INFO] [stderr]    Compiling phf_generator v0.7.17
[INFO] [stderr]    Compiling deque v0.3.1
[INFO] [stderr]    Compiling petgraph v0.2.9
[INFO] [stderr]    Compiling kernel32-sys v0.2.2
[INFO] [stderr]    Compiling nodrop v0.1.8
[INFO] [stderr]    Compiling num-integer v0.1.32
[INFO] [stderr]    Compiling osmesa-sys v0.1.2
[INFO] [stderr]    Compiling gfx_core v0.4.0
[INFO] [stderr]    Compiling tempfile v2.1.4
[INFO] [stderr]    Compiling phf_codegen v0.7.17
[INFO] [stderr]    Compiling x11-dl v2.11.0
[INFO] [stderr]    Compiling piston2d-graphics v0.17.3
[INFO] [stderr]    Compiling arrayvec v0.3.20
[INFO] [stderr]    Compiling rayon v0.4.3
[INFO] [stderr]    Compiling num-iter v0.1.32
[INFO] [stderr]    Compiling gl_generator v0.5.2
[INFO] [stderr]    Compiling wayland-scanner v0.5.11
[INFO] [stderr]    Compiling target_build_utils v0.1.2
[INFO] [stdout] error[E0034]: multiple applicable items in scope
[INFO] [stdout]    --> /opt/rustwide/cargo-home/registry/src/github.com-1ecc6299db9ec823/petgraph-0.2.9/src/graph.rs:421:21
[INFO] [stdout]     |
[INFO] [stdout] 421 |         assert!(Ix::max().index() == !0 || NodeIndex::end() != node_idx);
[INFO] [stdout]     |                     ^^^ multiple `max` found
[INFO] [stdout]     |
[INFO] [stdout] note: candidate #1 is defined in the trait `IndexType`
[INFO] [stdout]    --> /opt/rustwide/cargo-home/registry/src/github.com-1ecc6299db9ec823/petgraph-0.2.9/src/graph.rs:31:5
[INFO] [stdout]     |
[INFO] [stdout] 31  |     fn max() -> Self;
[INFO] [stdout]     |     ^^^^^^^^^^^^^^^^^
[INFO] [stdout] note: candidate #2 is defined in the trait `Ord`
[INFO] [stdout] help: disambiguate the associated function for candidate #1
[INFO] [stdout]     |
[INFO] [stdout] 421 |         assert!(IndexType::max().index() == !0 || NodeIndex::end() != node_idx);
[INFO] [stdout]     |                 ^^^^^^^^^^^^^^
[INFO] [stdout] help: disambiguate the associated function for candidate #2
[INFO] [stdout]     |
[INFO] [stdout] 421 |         assert!(Ord::max().index() == !0 || NodeIndex::end() != node_idx);
[INFO] [stdout]     |                 ^^^^^^^^
[INFO] [stdout] 
[INFO] [stdout] 
[INFO] [stdout] error[E0308]: mismatched types
[INFO] [stdout]    --> /opt/rustwide/cargo-home/registry/src/github.com-1ecc6299db9ec823/petgraph-0.2.9/src/graph.rs:421:38
[INFO] [stdout]     |
[INFO] [stdout] 374 | impl<N, E, Ty, Ix> Graph<N, E, Ty, Ix>
[INFO] [stdout]     |                -- this type parameter
[INFO] [stdout] ...
[INFO] [stdout] 421 |         assert!(Ix::max().index() == !0 || NodeIndex::end() != node_idx);
[INFO] [stdout]     |                                      ^^ expected type parameter `Ix`, found integer
[INFO] [stdout]     |
[INFO] [stdout]     = note: expected type parameter `Ix`
[INFO] [stdout]                          found type `{integer}`
[INFO] [stdout] 
[INFO] [stdout] 
[INFO] [stdout] error[E0034]: multiple applicable items in scope
[INFO] [stdout]    --> /opt/rustwide/cargo-home/registry/src/github.com-1ecc6299db9ec823/petgraph-0.2.9/src/graph.rs:458:21
[INFO] [stdout]     |
[INFO] [stdout] 458 |         assert!(Ix::max().index() == !0 || EdgeIndex::end() != edge_idx);
[INFO] [stdout]     |                     ^^^ multiple `max` found
[INFO] [stdout]     |
[INFO] [stdout] note: candidate #1 is defined in the trait `IndexType`
[INFO] [stdout]    --> /opt/rustwide/cargo-home/registry/src/github.com-1ecc6299db9ec823/petgraph-0.2.9/src/graph.rs:31:5
[INFO] [stdout]     |
[INFO] [stdout] 31  |     fn max() -> Self;
[INFO] [stdout]     |     ^^^^^^^^^^^^^^^^^
[INFO] [stdout] note: candidate #2 is defined in the trait `Ord`
[INFO] [stdout] help: disambiguate the associated function for candidate #1
[INFO] [stdout]     |
[INFO] [stdout] 458 |         assert!(IndexType::max().index() == !0 || EdgeIndex::end() != edge_idx);
[INFO] [stdout]     |                 ^^^^^^^^^^^^^^
[INFO] [stdout] help: disambiguate the associated function for candidate #2
[INFO] [stdout]     |
[INFO] [stdout] 458 |         assert!(Ord::max().index() == !0 || EdgeIndex::end() != edge_idx);
[INFO] [stdout]     |                 ^^^^^^^^
[INFO] [stdout] 
[INFO] [stdout] 
[INFO] [stdout] error[E0308]: mismatched types
[INFO] [stdout]    --> /opt/rustwide/cargo-home/registry/src/github.com-1ecc6299db9ec823/petgraph-0.2.9/src/graph.rs:458:38
[INFO] [stdout]     |
[INFO] [stdout] 374 | impl<N, E, Ty, Ix> Graph<N, E, Ty, Ix>
[INFO] [stdout]     |                -- this type parameter
[INFO] [stdout] ...
[INFO] [stdout] 458 |         assert!(Ix::max().index() == !0 || EdgeIndex::end() != edge_idx);
[INFO] [stdout]     |                                      ^^ expected type parameter `Ix`, found integer
[INFO] [stdout]     |
[INFO] [stdout]     = note: expected type parameter `Ix`
[INFO] [stdout]                          found type `{integer}`
[INFO] [stdout] 
[INFO] [stdout] 
[INFO] [stdout] error: aborting due to 4 previous errors
[INFO] [stdout] 
[INFO] [stdout] 
[INFO] [stdout] Some errors have detailed explanations: E0034, E0308.
[INFO] [stdout] 
[INFO] [stdout] For more information about an error, try `rustc --explain E0034`.
[INFO] [stdout] 
[INFO] [stderr] error: could not compile `petgraph`
[INFO] [stderr] 
[INFO] [stderr] To learn more, run the command again with --verbose.
[INFO] [stderr] warning: build failed, waiting for other jobs to finish...
[INFO] [stdout] error: aborting due to previous error
[INFO] [stdout] 
[INFO] [stdout] 
[INFO] [stdout] For more information about this error, try `rustc --explain E0642`.
[INFO] [stdout] 
[INFO] [stderr] error: build failed
[INFO] running `Command { std: "docker" "inspect" "f41513437543fc9eb5d1160af9c5471bf0084ee1fa75695aa92dc060d46d49ed", kill_on_drop: false }`
[INFO] running `Command { std: "docker" "rm" "-f" "f41513437543fc9eb5d1160af9c5471bf0084ee1fa75695aa92dc060d46d49ed", kill_on_drop: false }`
[INFO] [stdout] f41513437543fc9eb5d1160af9c5471bf0084ee1fa75695aa92dc060d46d49ed
